 + 393 + 322 = v. Suppose 7*s + u - 668 = 0. What are the prime factors of s?
3, 5
Suppose y - 2*y + 15 = 5*t, -t = -4. Let v = -1 - y. Suppose -v*d - 4*d = -720. What are the prime factors of d?
2, 3, 5
Suppose v = 3*v - 6. Let i be (1 - -56)*(5/v + -1). Let c = i - -120. List the prime factors of c.
2, 79
Let y(o) = -9*o**3 + 3*o**2 + 2*o + 9. Let c = 103 - 107. Let f(q) = -q**3 - q**2 - q. Let x(u) = c*f(u) - y(u). List the prime factors of x(2).
103
Let s(p) = 65*p**2 + 41*p + 22. List the prime factors of s(6).
2, 163
Let o(n) = 5*n**2 + 0*n**2 + 4*n - 530 + 519. Let z be o(-8). Let k = -164 + z. List the prime factors of k.
113
Let r(k) = -k - 29. Let m be r(-15). Let l = -11 - m. Suppose -3*h = -3*j - h + 194, -3*h + 174 = l*j. What are the prime factors of j?
2, 31
Let i be 145 - 8/(-5 + 3). Let n be (-3)/(-6)*-6 - -1191. Suppose 5*o = 5*c - 413 + n, -o = 2*c - i. What are the prime factors of o?
3, 17
Let h(v) = -152*v**2 + 9*v - 26. Let b be h(3). Let m = 2419 + b. List the prime factors of m.
2, 263
Let a(g) = g + 1. Let i be a(4). Let z(w) = 3*w**2 - 3*w - 10. Let k(h) = -7*h**2 + 5*h + 20. Let o(t) = i*z(t) + 2*k(t). What are the prime factors of o(-3)?
2, 7
Suppose 0 = 6*b - 165 - 195. Suppose 3*y - 95 = 4*z + z, -5*z = -2*y + b. What are the prime factors of 2709/y - (-2)/(-5)?
7, 11
Let l = 77 - 84. Let q be (-30)/(((-42)/(-20))/l). What are the prime factors of (-1)/1*2 + q - 2?
2, 3
Let u(z) be the first derivative of z**3/3 + 3*z**2 - 2*z - 10. Let p be u(8). List the prime factors of 20/p - (-647)/11.
59
Let j be (-4)/(-40)*-12*20/(-6). Suppose -j*x + 11 = -9. Suppose -x*c + 589 = g, 0*g = -5*c - 2*g + 593. What are the prime factors of c?
3, 13
Suppose 0 = 5*g + 25, -2*f = 11*g - 13*g - 1380. Suppose 5*w - 2410 + f = 0. List the prime factors of w.
3, 5, 23
Suppose 80*a - 291*a - 47*a = -9773814. List the prime factors of a.
43, 881
Suppose -972 - 852 = -4*a. Suppose 7*o + 844 = -1123. Let k = o + a. What are the prime factors of k?
5, 7
Let j = -873 + 2951. What are the prime factors of j?
2, 1039
Let l = -257 - -261. Suppose 1112 = 4*d + l*r, 1 - 3 = 2*r. List the prime factors of d.
3, 31
Let o(i) = -141*i + 2. Let y be o(-2). Suppose 6*x - 10*x + 28*x = 0. Suppose 4*j - y = -x*j. What are the prime factors of j?
71
Suppose 3*b - 45782 - 1668 = -2*n, 0 = -n + b + 23710. List the prime factors of n.
2, 7, 11
Let i = -7391 + 8679. What are the prime factors of i?
2, 7, 23
Let l = 50 + -23. Let d(s) = -s**2 + 20*s. Let c be d(20). Suppose c = 3*o + l - 201. What are the prime factors of o?
2, 29
Let w = 50 - 44. Suppose w*y - y = 10. Suppose -3*q + n + 41 = 0, y*q - 2*n + 48 = 6*q. What are the prime factors of q?
13
Suppose -h - r = 3*h - 284, 0 = 3*h - r - 206. Let l = -74 + h. What are the prime factors of (2/(l/414))/(0 + -1)?
3, 23
Suppose -5*y - 38 = -28. Let t be 12 + -12 + (3 - (y + 1)). Suppose 4*h = -c + 62 + 50, -t*c = 2*h - 448. List the prime factors of c.
2, 7
List the prime factors of 5633145/243*9/5.
3, 7, 1987
Let c(x) = 82*x**2 - 76*x + 798. List the prime factors of c(10).
2, 3, 1373
Suppose 0 = 19*c + 18*c - 48026. Let i = c - 320. What are the prime factors of i?
2, 3, 163
Suppose 4*j = 2*l - 10, -4 = -5*j + 5*l - 19. Let f(m) = 43*m**2 - 4*m - 11. List the prime factors of f(j).
13
Suppose 9*g + 15 = 60. Suppose 515 + 155 = g*h. List the prime factors of h.
2, 67
Suppose 0 = 96*n - 46*n - 3050. What are the prime factors of n?
61
Suppose 0 = -12*c + 8*c + 24. Let q = c + -6. Suppose q = -y - 2*z + 140, 4*y + 0*z = -2*z + 590. What are the prime factors of y?
2, 3, 5
Let v be 166/7 - (24/14 - 2). Let h(u) = 9*u + v*u - 27 + 27*u - 5*u. List the prime factors of h(5).
2, 31
Let h(s) = 76*s + 1. Let r be h(1). Let n = r + -21. What are the prime factors of n/35*10/4?
2
Suppose -710 = 5*n + 2*c, -2*c + 251 + 19 = -2*n. Let m = n - -486. What are the prime factors of m?
2, 173
Suppose -5*m - 81 = -101. Let g(v) = -m*v - 2 - 30*v - 20*v. What are the prime factors of g(-2)?
2, 53
Let l = 2125 + 10890. What are the prime factors of l?
5, 19, 137
Suppose 179*f - 3077841 = -691771. What are the prime factors of f?
2, 5, 31, 43
Let m = -1321 + 2216. Let s = m + -191. List the prime factors of s.
2, 11
Let b be 1*60/18*-12. Let h be (0 + -5)*b/(-25). Let d = 13 + h. What are the prime factors of d?
5
Suppose 3*k - 4*k - 4 = -5*f, 0 = 5*k - f - 28. Let d be k*(-8)/12 + 20. Suppose d*z - 19*z + 6 = 0. List the prime factors of z.
2
Let w(l) = -l**3 + 4*l**2 + 5*l - 2. Let v be w(5). What are the prime factors of (1763/(-82))/(v/4)?
43
Let m(c) = 7*c**3 - 31*c**2 + 22*c - 107. What are the prime factors of m(13)?
17, 607
Let o be 5 - 317/((-15)/(-10) + -2). List the prime factors of 8/(-28) - o/(-7).
7, 13
Let i = -3846 + 6373. Suppose -19*x + 76 = -i. List the prime factors of x.
137
Suppose -5*u = 2*b + 19, -2*u + 0*u - 5*b = 16. Let y = u - 18. Let l = -11 - y. What are the prime factors of l?
2, 5
Let k(f) = 16*f - 28 - 1 - f. Suppose -3*b + q + 10 = 0, -3*b - 4*q + 35 = -0*b. List the prime factors of k(b).
2, 23
Let c = -4531 - -5138. List the prime factors of c.
607
Let r be ((-15)/2)/(36/48). What are the prime factors of (-996)/(-15) + r/((-100)/6)?
67
Suppose 0 = 5*x, 3*g + x = -2*x + 300. Let o = 105 - g. List the prime factors of (173 + 0)*5/o.
173
Let p(c) be the second derivative of 1/3*c**4 - 2*c**3 - 39*c + 0 + 1/20*c**5 + 11/2*c**2. List the prime factors of p(5).
2, 11
Suppose 19*g + 5687 = -6264. Let y = g + 1264. What are the prime factors of y?
5, 127
Suppose 0 = -623*x + 513*x + 4132700. What are the prime factors of x?
2, 5, 13, 17
Suppose 15*v + 20 = 11*v, 4*g - 77189 = -3*v. What are the prime factors of g?
19301
Suppose 0 = -3*n - v + 24252, 0 = 17*v - 21*v - 12. List the prime factors of n.
3, 5, 7, 11
Let f(r) = r**3 - 108*r**2 - 266*r + 1296. List the prime factors of f(113).
35083
Let k(l) = 2*l + 12. Let i be k(-4). Let w be i/(-12)*-39*-15. Let s = -116 - w. List the prime factors of s.
79
Let w(b) = 0*b**3 + b**3 + 10 - 12*b**2 + 17*b**2 - 5*b. Let y be w(-6). Suppose g = 3*f + 5 + 1, f = -y*g + 76. List the prime factors of g.
2, 3
Let p = 18910 - 5266. What are the prime factors of p?
2, 3, 379
Let o(q) = -q**3 + 19*q**2 + 17*q - 19. Let g be o(19). Suppose -4*w = -g - 380. List the prime factors of w.
3, 19
Suppose -21*b = -25*b + 86804. What are the prime factors of b?
21701
Suppose 5659313 = 209*g - 1394004 - 4107910. What are the prime factors of g?
3, 7, 2543
Let v = -10795 - -20192. List the prime factors of v.
9397
Let j = 251 + -102. Suppose 0 = -2*f - 5*b + j, 0*f - 2*b = 3*f - 207. What are the prime factors of f?
67
Let b(u) = 13*u**2 - 12*u + 174. What are the prime factors of b(52)?
2, 17351
Suppose 5*z = -3*j + 5*j + 13359, -2*j = 4. Let i = z + -1767. List the prime factors of i.
2, 113
Let c(b) = -b**3 - 3*b**2 - 30*b - 133. What are the prime factors of c(-14)?
7, 349
Suppose 85*l - 121422 = -13*l. What are the prime factors of l?
3, 7, 59
Suppose 0 = 2*p - 4*m - 22780, -9*m + 11387 = p - 14*m. List the prime factors of (p/32)/(2/5).
2, 5, 89
Let v = -2054 - -8594. List the prime factors of ((-4)/(-6))/(40/v).
109
Suppose -2*s - t - 2 = 0, 19 = 7*s - 12*s + t. What are the prime factors of s/(-9)*81/36*1724?
3, 431
Let w(l) = -635*l + 11. Let d be w(-1). Suppose 10*v - 2264 = d. What are the prime factors of v?
3, 97
Let p(d) = -71*d - 6. Let c(r) = -211*r - 16. Let n(q) = -6*c(q) + 17*p(q). What are the prime factors of n(9)?
3, 5, 7
Suppose -3*k = -6*k + 2*u + 38, 32 = 4*k + 2*u. Let g(c) = 28 - c**2 - 4*c**2 - k*c + 4*c**2. List the prime factors of g(-9).
37
Let h be 2/6 - 13622/42. Let w be (-6)/(-2) - h/3. Suppose -i + 31 = -n + 4*n, 0 = -4*i + n + w. What are the prime factors of i?
2, 7
Suppose -226*l = -135*l - 111*l + 174960. List the prime factors of l.
2, 3
Let c(f) = -87*f - 232. Let i be (-6*3/36)/(2/92). What are the prime factors of c(i)?
29, 61
What are the prime factors of 176203/(-46)*(10/(-4) - 2/(-4))?
47, 163
Let c(k) = 2*k**2 - 32*k - 18. Suppose -68 = -54*i + 50*i. Let t be c(i). Suppose -18*w + t*w = -498. What are the prime factors of w?
3, 83
Suppose 3*y - 840 = -y. Suppose 315 = 3*x + 4*j, -2*x + y = -0*j + 2*j. Suppose -k + 4*k - 